{"id":1077,"date":"2024-02-20T14:44:53","date_gmt":"2024-02-20T14:44:53","guid":{"rendered":"https:\/\/gracol.com.co\/producto\/frijol-cabecita-negra\/"},"modified":"2024-02-20T19:51:13","modified_gmt":"2024-02-20T19:51:13","slug":"frijol-cabecita-negra","status":"publish","type":"product","link":"https:\/\/gracol.com.co\/en\/product\/frijol-cabecita-negra\/","title":{"rendered":"Black Eye Bean"},"content":{"rendered":"<p>ALGRAN black-headed peas contain good<br \/>\nprotein content, they improve their value when they are<br \/>\nare mixed with other foods in the different<br \/>\neaten during the day. They provide carbohydrates in the form of<br \/>\nstarch and contains dietary fiber in good<br \/>\nQuantity. Its fat content is very low.<\/p>","protected":false},"excerpt":{"rendered":"<p>ALGRAN black-headed peas contain a good amount of protein, which improves their value when mixed with other foods in the different meals of the day. They provide carbohydrates in the form of starch and contain dietary fiber in good quantity. Their fat content is very low.<\/p>","protected":false},"featured_media":1122,"comment_status":"closed","ping_status":"closed","template":"","meta":{"_joinchat":[]},"product_cat":[20,29],"product_tag":[],"class_list":{"0":"post-1077","1":"product","2":"type-product","3":"status-publish","4":"has-post-thumbnail","6":"product_cat-todoslosproductos","7":"product_cat-granos-y-cereales","9":"first","10":"instock","11":"shipping-taxable","12":"product-type-simple"},"yoast_head":"<!-- This site is optimized with the Yoast SEO plugin v23.5 - https:\/\/yoast.com\/wordpress\/plugins\/seo\/ -->\n<title>Frijol cabecita negra - Gracol<\/title>\n<meta name=\"robots\" content=\"index, follow, max-snippet:-1, max-image-preview:large, max-video-preview:-1\" \/>\n<link rel=\"canonical\" href=\"https:\/\/gracol.com.co\/en\/product\/frijol-cabecita-negra\/\" \/>\n<meta property=\"og:locale\" content=\"en_US\" \/>\n<meta property=\"og:type\" content=\"article\" \/>\n<meta property=\"og:title\" content=\"Frijol cabecita negra - Gracol\" \/>\n<meta property=\"og:description\" content=\"Frijol cabeza negra ALGRAN contienen bueno cantidad de prote\u00ednas, mejoran su valor cuando se mezclan con otros alimentos en los diferentes comidos del d\u00eda. Aportan carbohidratos en forma de almid\u00f3n y contiene fibra dietario en bueno Cantidad. Su contenido de grasa es muy baja.\" \/>\n<meta property=\"og:url\" content=\"https:\/\/gracol.com.co\/en\/product\/frijol-cabecita-negra\/\" \/>\n<meta property=\"og:site_name\" content=\"Gracol\" \/>\n<meta property=\"article:modified_time\" content=\"2024-02-20T19:51:13+00:00\" \/>\n<meta property=\"og:image\" content=\"https:\/\/gracol.com.co\/wp-content\/uploads\/2024\/02\/producto-gracol-frijol-cabecita-negra-1080x1196-1.png\" \/>\n\t<meta property=\"og:image:width\" content=\"1080\" \/>\n\t<meta property=\"og:image:height\" content=\"1196\" \/>\n\t<meta property=\"og:image:type\" content=\"image\/png\" \/>\n<meta name=\"twitter:card\" content=\"summary_large_image\" \/>\n<script type=\"application\/ld+json\" class=\"yoast-schema-graph\">{\"@context\":\"https:\/\/schema.org\",\"@graph\":[{\"@type\":\"WebPage\",\"@id\":\"https:\/\/gracol.com.co\/producto\/frijol-cabecita-negra\/\",\"url\":\"https:\/\/gracol.com.co\/producto\/frijol-cabecita-negra\/\",\"name\":\"Frijol cabecita negra - Gracol\",\"isPartOf\":{\"@id\":\"https:\/\/gracol.com.co\/#website\"},\"primaryImageOfPage\":{\"@id\":\"https:\/\/gracol.com.co\/producto\/frijol-cabecita-negra\/#primaryimage\"},\"image\":{\"@id\":\"https:\/\/gracol.com.co\/producto\/frijol-cabecita-negra\/#primaryimage\"},\"thumbnailUrl\":\"https:\/\/gracol.com.co\/wp-content\/uploads\/2024\/02\/producto-gracol-frijol-cabecita-negra-1080x1196-1.png\",\"datePublished\":\"2024-02-20T14:44:53+00:00\",\"dateModified\":\"2024-02-20T19:51:13+00:00\",\"breadcrumb\":{\"@id\":\"https:\/\/gracol.com.co\/producto\/frijol-cabecita-negra\/#breadcrumb\"},\"inLanguage\":\"en-US\",\"potentialAction\":[{\"@type\":\"ReadAction\",\"target\":[\"https:\/\/gracol.com.co\/producto\/frijol-cabecita-negra\/\"]}]},{\"@type\":\"ImageObject\",\"inLanguage\":\"en-US\",\"@id\":\"https:\/\/gracol.com.co\/producto\/frijol-cabecita-negra\/#primaryimage\",\"url\":\"https:\/\/gracol.com.co\/wp-content\/uploads\/2024\/02\/producto-gracol-frijol-cabecita-negra-1080x1196-1.png\",\"contentUrl\":\"https:\/\/gracol.com.co\/wp-content\/uploads\/2024\/02\/producto-gracol-frijol-cabecita-negra-1080x1196-1.png\",\"width\":1080,\"height\":1196},{\"@type\":\"BreadcrumbList\",\"@id\":\"https:\/\/gracol.com.co\/producto\/frijol-cabecita-negra\/#breadcrumb\",\"itemListElement\":[{\"@type\":\"ListItem\",\"position\":1,\"name\":\"Portada\",\"item\":\"https:\/\/gracol.com.co\/\"},{\"@type\":\"ListItem\",\"position\":2,\"name\":\"Productos\",\"item\":\"https:\/\/gracol.com.co\/tienda\/\"},{\"@type\":\"ListItem\",\"position\":3,\"name\":\"Frijol cabecita negra\"}]},{\"@type\":\"WebSite\",\"@id\":\"https:\/\/gracol.com.co\/#website\",\"url\":\"https:\/\/gracol.com.co\/\",\"name\":\"Gracol\",\"description\":\"\",\"publisher\":{\"@id\":\"https:\/\/gracol.com.co\/#organization\"},\"potentialAction\":[{\"@type\":\"SearchAction\",\"target\":{\"@type\":\"EntryPoint\",\"urlTemplate\":\"https:\/\/gracol.com.co\/?s={search_term_string}\"},\"query-input\":{\"@type\":\"PropertyValueSpecification\",\"valueRequired\":true,\"valueName\":\"search_term_string\"}}],\"inLanguage\":\"en-US\"},{\"@type\":\"Organization\",\"@id\":\"https:\/\/gracol.com.co\/#organization\",\"name\":\"Gracol\",\"url\":\"https:\/\/gracol.com.co\/\",\"logo\":{\"@type\":\"ImageObject\",\"inLanguage\":\"en-US\",\"@id\":\"https:\/\/gracol.com.co\/#\/schema\/logo\/image\/\",\"url\":\"https:\/\/gracol.com.co\/wp-content\/uploads\/2024\/01\/Logo-Gracol.png\",\"contentUrl\":\"https:\/\/gracol.com.co\/wp-content\/uploads\/2024\/01\/Logo-Gracol.png\",\"width\":511,\"height\":233,\"caption\":\"Gracol\"},\"image\":{\"@id\":\"https:\/\/gracol.com.co\/#\/schema\/logo\/image\/\"}}]}<\/script>\n<!-- \/ Yoast SEO plugin. -->","yoast_head_json":{"title":"Frijol cabecita negra - Gracol","robots":{"index":"index","follow":"follow","max-snippet":"max-snippet:-1","max-image-preview":"max-image-preview:large","max-video-preview":"max-video-preview:-1"},"canonical":"https:\/\/gracol.com.co\/en\/product\/frijol-cabecita-negra\/","og_locale":"en_US","og_type":"article","og_title":"Frijol cabecita negra - Gracol","og_description":"Frijol cabeza negra ALGRAN contienen bueno cantidad de prote\u00ednas, mejoran su valor cuando se mezclan con otros alimentos en los diferentes comidos del d\u00eda. Aportan carbohidratos en forma de almid\u00f3n y contiene fibra dietario en bueno Cantidad. Su contenido de grasa es muy baja.","og_url":"https:\/\/gracol.com.co\/en\/product\/frijol-cabecita-negra\/","og_site_name":"Gracol","article_modified_time":"2024-02-20T19:51:13+00:00","og_image":[{"width":1080,"height":1196,"url":"https:\/\/gracol.com.co\/wp-content\/uploads\/2024\/02\/producto-gracol-frijol-cabecita-negra-1080x1196-1.png","type":"image\/png"}],"twitter_card":"summary_large_image","schema":{"@context":"https:\/\/schema.org","@graph":[{"@type":"WebPage","@id":"https:\/\/gracol.com.co\/producto\/frijol-cabecita-negra\/","url":"https:\/\/gracol.com.co\/producto\/frijol-cabecita-negra\/","name":"Frijol cabecita negra - Gracol","isPartOf":{"@id":"https:\/\/gracol.com.co\/#website"},"primaryImageOfPage":{"@id":"https:\/\/gracol.com.co\/producto\/frijol-cabecita-negra\/#primaryimage"},"image":{"@id":"https:\/\/gracol.com.co\/producto\/frijol-cabecita-negra\/#primaryimage"},"thumbnailUrl":"https:\/\/gracol.com.co\/wp-content\/uploads\/2024\/02\/producto-gracol-frijol-cabecita-negra-1080x1196-1.png","datePublished":"2024-02-20T14:44:53+00:00","dateModified":"2024-02-20T19:51:13+00:00","breadcrumb":{"@id":"https:\/\/gracol.com.co\/producto\/frijol-cabecita-negra\/#breadcrumb"},"inLanguage":"en-US","potentialAction":[{"@type":"ReadAction","target":["https:\/\/gracol.com.co\/producto\/frijol-cabecita-negra\/"]}]},{"@type":"ImageObject","inLanguage":"en-US","@id":"https:\/\/gracol.com.co\/producto\/frijol-cabecita-negra\/#primaryimage","url":"https:\/\/gracol.com.co\/wp-content\/uploads\/2024\/02\/producto-gracol-frijol-cabecita-negra-1080x1196-1.png","contentUrl":"https:\/\/gracol.com.co\/wp-content\/uploads\/2024\/02\/producto-gracol-frijol-cabecita-negra-1080x1196-1.png","width":1080,"height":1196},{"@type":"BreadcrumbList","@id":"https:\/\/gracol.com.co\/producto\/frijol-cabecita-negra\/#breadcrumb","itemListElement":[{"@type":"ListItem","position":1,"name":"Portada","item":"https:\/\/gracol.com.co\/"},{"@type":"ListItem","position":2,"name":"Productos","item":"https:\/\/gracol.com.co\/tienda\/"},{"@type":"ListItem","position":3,"name":"Frijol cabecita negra"}]},{"@type":"WebSite","@id":"https:\/\/gracol.com.co\/#website","url":"https:\/\/gracol.com.co\/","name":"Gracol","description":"","publisher":{"@id":"https:\/\/gracol.com.co\/#organization"},"potentialAction":[{"@type":"SearchAction","target":{"@type":"EntryPoint","urlTemplate":"https:\/\/gracol.com.co\/?s={search_term_string}"},"query-input":{"@type":"PropertyValueSpecification","valueRequired":true,"valueName":"search_term_string"}}],"inLanguage":"en-US"},{"@type":"Organization","@id":"https:\/\/gracol.com.co\/#organization","name":"Gracol","url":"https:\/\/gracol.com.co\/","logo":{"@type":"ImageObject","inLanguage":"en-US","@id":"https:\/\/gracol.com.co\/#\/schema\/logo\/image\/","url":"https:\/\/gracol.com.co\/wp-content\/uploads\/2024\/01\/Logo-Gracol.png","contentUrl":"https:\/\/gracol.com.co\/wp-content\/uploads\/2024\/01\/Logo-Gracol.png","width":511,"height":233,"caption":"Gracol"},"image":{"@id":"https:\/\/gracol.com.co\/#\/schema\/logo\/image\/"}}]}},"_links":{"self":[{"href":"https:\/\/gracol.com.co\/en\/wp-json\/wp\/v2\/product\/1077","targetHints":{"allow":["GET"]}}],"collection":[{"href":"https:\/\/gracol.com.co\/en\/wp-json\/wp\/v2\/product"}],"about":[{"href":"https:\/\/gracol.com.co\/en\/wp-json\/wp\/v2\/types\/product"}],"replies":[{"embeddable":true,"href":"https:\/\/gracol.com.co\/en\/wp-json\/wp\/v2\/comments?post=1077"}],"wp:featuredmedia":[{"embeddable":true,"href":"https:\/\/gracol.com.co\/en\/wp-json\/wp\/v2\/media\/1122"}],"wp:attachment":[{"href":"https:\/\/gracol.com.co\/en\/wp-json\/wp\/v2\/media?parent=1077"}],"wp:term":[{"taxonomy":"product_cat","embeddable":true,"href":"https:\/\/gracol.com.co\/en\/wp-json\/wp\/v2\/product_cat?post=1077"},{"taxonomy":"product_tag","embeddable":true,"href":"https:\/\/gracol.com.co\/en\/wp-json\/wp\/v2\/product_tag?post=1077"}],"curies":[{"name":"wp","href":"https:\/\/api.w.org\/{rel}","templated":true}]}}

<!-- This site is optimized with the Yoast SEO plugin v23.5 - https://yoast.com/wordpress/plugins/seo/ -->
<title>Frijol cabecita negra - Gracol</title>
<meta name="robots" content="index, follow, max-snippet:-1, max-image-preview:large, max-video-preview:-1" />
<link rel="canonical" href="https://gracol.com.co/en/product/frijol-cabecita-negra/" />
<meta property="og:locale" content="en_US" />
<meta property="og:type" content="article" />
<meta property="og:title" content="Frijol cabecita negra - Gracol" />
<meta property="og:description" content="Frijol cabeza negra ALGRAN contienen bueno cantidad de proteínas, mejoran su valor cuando se mezclan con otros alimentos en los diferentes comidos del día. Aportan carbohidratos en forma de almidón y contiene fibra dietario en bueno Cantidad. Su contenido de grasa es muy baja." />
<meta property="og:url" content="https://gracol.com.co/en/product/frijol-cabecita-negra/" />
<meta property="og:site_name" content="Gracol" />
<meta property="article:modified_time" content="2024-02-20T19:51:13+00:00" />
<meta property="og:image" content="https://gracol.com.co/wp-content/uploads/2024/02/producto-gracol-frijol-cabecita-negra-1080x1196-1.png" />
	<meta property="og:image:width" content="1080" />
	<meta property="og:image:height" content="1196" />
	<meta property="og:image:type" content="image/png" />
<meta name="twitter:card" content="summary_large_image" />
<script type="application/ld+json" class="yoast-schema-graph">{"@context":"https://schema.org","@graph":[{"@type":"WebPage","@id":"https://gracol.com.co/producto/frijol-cabecita-negra/","url":"https://gracol.com.co/producto/frijol-cabecita-negra/","name":"Frijol cabecita negra - Gracol","isPartOf":{"@id":"https://gracol.com.co/#website"},"primaryImageOfPage":{"@id":"https://gracol.com.co/producto/frijol-cabecita-negra/#primaryimage"},"image":{"@id":"https://gracol.com.co/producto/frijol-cabecita-negra/#primaryimage"},"thumbnailUrl":"https://gracol.com.co/wp-content/uploads/2024/02/producto-gracol-frijol-cabecita-negra-1080x1196-1.png","datePublished":"2024-02-20T14:44:53+00:00","dateModified":"2024-02-20T19:51:13+00:00","breadcrumb":{"@id":"https://gracol.com.co/producto/frijol-cabecita-negra/#breadcrumb"},"inLanguage":"en-US","potentialAction":[{"@type":"ReadAction","target":["https://gracol.com.co/producto/frijol-cabecita-negra/"]}]},{"@type":"ImageObject","inLanguage":"en-US","@id":"https://gracol.com.co/producto/frijol-cabecita-negra/#primaryimage","url":"https://gracol.com.co/wp-content/uploads/2024/02/producto-gracol-frijol-cabecita-negra-1080x1196-1.png","contentUrl":"https://gracol.com.co/wp-content/uploads/2024/02/producto-gracol-frijol-cabecita-negra-1080x1196-1.png","width":1080,"height":1196},{"@type":"BreadcrumbList","@id":"https://gracol.com.co/producto/frijol-cabecita-negra/#breadcrumb","itemListElement":[{"@type":"ListItem","position":1,"name":"Portada","item":"https://gracol.com.co/"},{"@type":"ListItem","position":2,"name":"Productos","item":"https://gracol.com.co/tienda/"},{"@type":"ListItem","position":3,"name":"Frijol cabecita negra"}]},{"@type":"WebSite","@id":"https://gracol.com.co/#website","url":"https://gracol.com.co/","name":"Gracol","description":"","publisher":{"@id":"https://gracol.com.co/#organization"},"potentialAction":[{"@type":"SearchAction","target":{"@type":"EntryPoint","urlTemplate":"https://gracol.com.co/?s={search_term_string}"},"query-input":{"@type":"PropertyValueSpecification","valueRequired":true,"valueName":"search_term_string"}}],"inLanguage":"en-US"},{"@type":"Organization","@id":"https://gracol.com.co/#organization","name":"Gracol","url":"https://gracol.com.co/","logo":{"@type":"ImageObject","inLanguage":"en-US","@id":"https://gracol.com.co/#/schema/logo/image/","url":"https://gracol.com.co/wp-content/uploads/2024/01/Logo-Gracol.png","contentUrl":"https://gracol.com.co/wp-content/uploads/2024/01/Logo-Gracol.png","width":511,"height":233,"caption":"Gracol"},"image":{"@id":"https://gracol.com.co/#/schema/logo/image/"}}]}</script>
<!-- / Yoast SEO plugin. -->

Frijol cabeza negra ALGRAN contienen bueno cantidad de proteínas, mejoran su valor cuando se mezclan con otros alimentos en los diferentes comidos del día. Aportan carbohidratos en forma de almidón y contiene fibra dietario en bueno Cantidad. Su contenido de grasa es muy baja.
